{"id":1085,"date":"2025-08-24T15:52:09","date_gmt":"2025-08-24T15:52:09","guid":{"rendered":"http:\/\/www.location-salvi.com\/?page_id=1085"},"modified":"2026-01-27T20:36:34","modified_gmt":"2026-01-27T20:36:34","slug":"petitcoquelicot","status":"publish","type":"page","link":"https:\/\/www.location-salvi.com\/index.php\/petitcoquelicot\/","title":{"rendered":"Chalet \u00ab\u00a0Petit Coquelicot\u00a0\u00bb"},"content":{"rendered":"<section class=\"wpb-content-wrapper\"><p>[vc_row content_style=\u00a0\u00bbcontent_dark\u00a0\u00bb][vc_column content_style=\u00a0\u00bbcontent_dark\u00a0\u00bb][vc_custom_heading source=\u00a0\u00bb\u00a0\u00bb text=\u00a0\u00bbChalet \u00ab\u00a0Petit Coquelicot\u00ab\u00a0\u00a0\u00bb font_container=\u00a0\u00bbtag:h3|font_size:27|text_align:left\u00a0\u00bb custom_heading_font_weights=\u00a0\u00bbfont-700&Prime; css=\u00a0\u00bb.vc_custom_1756072970613{margin-bottom: 20px !important;}\u00a0\u00bb][vc_custom_heading source=\u00a0\u00bb\u00a0\u00bb text=\u00a0\u00bb\u00c9vadez-vous et ressourcez-vous dans notre joli chalet chaleureux, id\u00e9alement situ\u00e9 au pied des Portes du Jura, dans un cadre naturel exceptionnel.\u00a0\u00bb font_container=\u00a0\u00bbtag:p|font_size:18|text_align:left\u00a0\u00bb custom_heading_font_weights=\u00a0\u00bbfont-600&Prime; css=\u00a0\u00bb.vc_custom_1756073045173{margin-bottom: 25px !important;}\u00a0\u00bb][vc_single_image image=\u00a0\u00bb1115&Prime; img_size=\u00a0\u00bbfull\u00a0\u00bb alignment=\u00a0\u00bbcenter\u00a0\u00bb][\/vc_column][\/vc_row][vc_row content_style=\u00a0\u00bbcontent_dark\u00a0\u00bb][vc_column content_style=\u00a0\u00bbcontent_dark\u00a0\u00bb][vc_column_text]<\/p>\n<h4><strong>DETAILS<\/strong><\/h4>\n<p><strong>Adresse :<\/strong> 3, all\u00e9e des narcisses<br \/>\n<strong>Village :<\/strong> 25370 M\u00e9tabief<br \/>\n<strong>Remont\u00e9es m\u00e9caniques :<\/strong> oui<br \/>\n<strong>Type de location :<\/strong> Chalet individuel<br \/>\n<strong>Massif :<\/strong> Doubs<\/p>\n<h4><strong>CAPACIT\u00c9<\/strong><\/h4>\n<p>Capacit\u00e9 maximum :<strong> 6 personnes<\/strong><br \/>\nSurface : <strong>44 m2<\/strong><br \/>\nLit 2 places : 1<br \/>\nLit 1 place : 2<br \/>\nChambres : 2<\/p>\n<h4><strong>EXT\u00c9RIEUR<\/strong><\/h4>\n<p>Barbecue, salon de jardin, parking priv\u00e9, abri de jardin.<\/p>\n<h4><strong>\u00c9QUIPEMENTS<\/strong><\/h4>\n<p>Fourneaux \u00e0 granul\u00e9s bois et radiateurs \u00e9lectriques, r\u00e9frig\u00e9rateur, t\u00e9l\u00e9vision, four, four micro ondes<\/p>\n<p><strong>A noter : Les animaux sont accept\u00e9s avec un suppl\u00e9ment (les animaux doivent imp\u00e9rativement \u00eatre signal\u00e9s \u00e0 la r\u00e9servation).<\/strong>[\/vc_column_text][\/vc_column][\/vc_row][vc_row content_style=\u00a0\u00bbcontent_dark\u00a0\u00bb][vc_column content_style=\u00a0\u00bbcontent_dark\u00a0\u00bb][vc_row_inner equal_height=\u00a0\u00bbyes\u00a0\u00bb content_placement=\u00a0\u00bbmiddle\u00a0\u00bb][vc_column_inner width=\u00a0\u00bb1\/2&Prime;][vc_single_image image=\u00a0\u00bb1116&Prime; img_size=\u00a0\u00bbfull\u00a0\u00bb alignment=\u00a0\u00bbcenter\u00a0\u00bb][\/vc_column_inner][vc_column_inner width=\u00a0\u00bb1\/2&Prime;][vc_column_text]<\/p>\n<h3><strong>TARIFS\u00a0<\/strong><\/h3>\n<p><strong>No\u00ebl :<\/strong> 895 \u20ac<br \/>\n<strong>Nouvel an :<\/strong> 895 \u20ac<br \/>\n<strong>Basse saison :<\/strong> Et\u00e9 595 \u20ac &#8211; Hiver 595 \u20ac<br \/>\n<strong>Moyenne saison :<\/strong> Et\u00e9 595 \u20ac Hiver 595 \u20ac<br \/>\n<strong>Haute saison:<\/strong> Et\u00e9\u00a0 650 \u20ac\u00a0 Hiver 895 \u20ac<br \/>\n<strong>Vacances de printemps :<\/strong> 595 \u20ac<\/p>\n<p>Venez d\u00e9couvrir le Haut Doubs dans une ambiance Franc-comtoise.<\/p>\n<p>Nombreuses activit\u00e9s sur place : randonn\u00e9es, VTT, ski alpin, ski nordique, raquettes, luge d&rsquo;\u00e9t\u00e9 et d&rsquo;hiver, voile&#8230; A 10 mm de Metabief !<\/p>\n<p><strong>Nos tarifs sont donn\u00e9s pour une semaine &#8211; charges non comprises &#8211; Tarifs Week-End sur demande <\/strong>[\/vc_column_text][\/vc_column_inner][\/vc_row_inner][vc_separator color=\u00a0\u00bbcustom\u00a0\u00bb accent_color=\u00a0\u00bb#eeeeee\u00a0\u00bb css=\u00a0\u00bb.vc_custom_1606374739848{margin-top: 20px !important;margin-bottom: 30px !important;}\u00a0\u00bb][\/vc_column][\/vc_row][vc_row content_style=\u00a0\u00bbcontent_dark\u00a0\u00bb][vc_column content_style=\u00a0\u00bbcontent_dark\u00a0\u00bb][vc_gallery interval=\u00a0\u00bb3&Prime; images=\u00a0\u00bb1118,1119,1120,1121,1122,1123,1124,1125,1126,1127,1128,1129,1130&Prime; img_size=\u00a0\u00bblarge\u00a0\u00bb title=\u00a0\u00bbGalerie photos\u00a0\u00bb][\/vc_column][\/vc_row]<\/p>\n<\/section>","protected":false},"excerpt":{"rendered":"<p>[vc_row content_style=\u00a0\u00bbcontent_dark\u00a0\u00bb][vc_column content_style=\u00a0\u00bbcontent_dark\u00a0\u00bb][vc_custom_heading source=\u00a0\u00bb\u00a0\u00bb text=\u00a0\u00bbChalet \u00ab\u00a0Petit Coquelicot\u00ab\u00a0\u00a0\u00bb font_container=\u00a0\u00bbtag:h3|font_size:27|text_align:left\u00a0\u00bb custom_heading_font_weights=\u00a0\u00bbfont-700&Prime; css=\u00a0\u00bb.vc_custom_1756072970613{margin-bottom: 20px !important;}\u00a0\u00bb][vc_custom_heading source=\u00a0\u00bb\u00a0\u00bb text=\u00a0\u00bb\u00c9vadez-vous et ressourcez-vous dans notre joli chalet chaleureux, id\u00e9alement situ\u00e9 au pied des Portes du Jura, dans un cadre naturel exceptionnel.\u00a0\u00bb font_container=\u00a0\u00bbtag:p|font_size:18|text_align:left\u00a0\u00bb custom_heading_font_weights=\u00a0\u00bbfont-600&Prime; css=\u00a0\u00bb.vc_custom_1756073045173{margin-bottom: 25px !important;}\u00a0\u00bb][vc_single_image image=\u00a0\u00bb1115&Prime; img_size=\u00a0\u00bbfull\u00a0\u00bb alignment=\u00a0\u00bbcenter\u00a0\u00bb][\/vc_column][\/vc_row][vc_row content_style=\u00a0\u00bbcontent_dark\u00a0\u00bb][vc_column content_style=\u00a0\u00bbcontent_dark\u00a0\u00bb][vc_column_text] DETAILS Adresse : 3, all\u00e9e des narcisses Village : 25370 M\u00e9tabief [&hellip;]<\/p>\n","protected":false},"author":1,"featured_media":0,"parent":0,"menu_order":0,"comment_status":"closed","ping_status":"closed","template":"sidebar-right.php","meta":{"footnotes":""},"class_list":["post-1085","page","type-page","status-publish","hentry"],"acf":[],"_links":{"self":[{"href":"https:\/\/www.location-salvi.com\/index.php\/wp-json\/wp\/v2\/pages\/1085","targetHints":{"allow":["GET"]}}],"collection":[{"href":"https:\/\/www.location-salvi.com\/index.php\/wp-json\/wp\/v2\/pages"}],"about":[{"href":"https:\/\/www.location-salvi.com\/index.php\/wp-json\/wp\/v2\/types\/page"}],"author":[{"embeddable":true,"href":"https:\/\/www.location-salvi.com\/index.php\/wp-json\/wp\/v2\/users\/1"}],"replies":[{"embeddable":true,"href":"https:\/\/www.location-salvi.com\/index.php\/wp-json\/wp\/v2\/comments?post=1085"}],"version-history":[{"count":10,"href":"https:\/\/www.location-salvi.com\/index.php\/wp-json\/wp\/v2\/pages\/1085\/revisions"}],"predecessor-version":[{"id":1357,"href":"https:\/\/www.location-salvi.com\/index.php\/wp-json\/wp\/v2\/pages\/1085\/revisions\/1357"}],"wp:attachment":[{"href":"https:\/\/www.location-salvi.com\/index.php\/wp-json\/wp\/v2\/media?parent=1085"}],"curies":[{"name":"wp","href":"https:\/\/api.w.org\/{rel}","templated":true}]}}

<section class="wpb-content-wrapper"><p>[vc_row content_style= »content_dark »][vc_column content_style= »content_dark »][vc_custom_heading source= » » text= »Chalet « Petit Coquelicot«  » font_container= »tag:h3|font_size:27|text_align:left » custom_heading_font_weights= »font-700&Prime; css= ».vc_custom_1756072970613{margin-bottom: 20px !important;} »][vc_custom_heading source= » » text= »Évadez-vous et ressourcez-vous dans notre joli chalet chaleureux, idéalement situé au pied des Portes du Jura, dans un cadre naturel exceptionnel. » font_container= »tag:p|font_size:18|text_align:left » custom_heading_font_weights= »font-600&Prime; css= ».vc_custom_1756073045173{margin-bottom: 25px !important;} »][vc_single_image image= »1115&Prime; img_size= »full » alignment= »center »][/vc_column][/vc_row][vc_row content_style= »content_dark »][vc_column content_style= »content_dark »][vc_column_text]</p>
<h4><strong>DETAILS</strong></h4>
<p><strong>Adresse :</strong> 3, allée des narcisses<br />
<strong>Village :</strong> 25370 Métabief<br />
<strong>Remontées mécaniques :</strong> oui<br />
<strong>Type de location :</strong> Chalet individuel<br />
<strong>Massif :</strong> Doubs</p>
<h4><strong>CAPACITÉ</strong></h4>
<p>Capacité maximum :<strong> 6 personnes</strong><br />
Surface : <strong>44 m2</strong><br />
Lit 2 places : 1<br />
Lit 1 place : 2<br />
Chambres : 2</p>
<h4><strong>EXTÉRIEUR</strong></h4>
<p>Barbecue, salon de jardin, parking privé, abri de jardin.</p>
<h4><strong>ÉQUIPEMENTS</strong></h4>
<p>Fourneaux à granulés bois et radiateurs électriques, réfrigérateur, télévision, four, four micro ondes</p>
<p><strong>A noter : Les animaux sont acceptés avec un supplément (les animaux doivent impérativement être signalés à la réservation).</strong>[/vc_column_text][/vc_column][/vc_row][vc_row content_style= »content_dark »][vc_column content_style= »content_dark »][vc_row_inner equal_height= »yes » content_placement= »middle »][vc_column_inner width= »1/2&Prime;][vc_single_image image= »1116&Prime; img_size= »full » alignment= »center »][/vc_column_inner][vc_column_inner width= »1/2&Prime;][vc_column_text]</p>
<h3><strong>TARIFS </strong></h3>
<p><strong>Noël :</strong> 895 €<br />
<strong>Nouvel an :</strong> 895 €<br />
<strong>Basse saison :</strong> Eté 595 € &#8211; Hiver 595 €<br />
<strong>Moyenne saison :</strong> Eté 595 € Hiver 595 €<br />
<strong>Haute saison:</strong> Eté  650 €  Hiver 895 €<br />
<strong>Vacances de printemps :</strong> 595 €</p>
<p>Venez découvrir le Haut Doubs dans une ambiance Franc-comtoise.</p>
<p>Nombreuses activités sur place : randonnées, VTT, ski alpin, ski nordique, raquettes, luge d&rsquo;été et d&rsquo;hiver, voile&#8230; A 10 mm de Metabief !</p>
<p><strong>Nos tarifs sont donnés pour une semaine &#8211; charges non comprises &#8211; Tarifs Week-End sur demande </strong>[/vc_column_text][/vc_column_inner][/vc_row_inner][vc_separator color= »custom » accent_color= »#eeeeee » css= ».vc_custom_1606374739848{margin-top: 20px !important;margin-bottom: 30px !important;} »][/vc_column][/vc_row][vc_row content_style= »content_dark »][vc_column content_style= »content_dark »][vc_gallery interval= »3&Prime; images= »1118,1119,1120,1121,1122,1123,1124,1125,1126,1127,1128,1129,1130&Prime; img_size= »large » title= »Galerie photos »][/vc_column][/vc_row]</p>
</section>

<p>[vc_row content_style= »content_dark »][vc_column content_style= »content_dark »][vc_custom_heading source= » » text= »Chalet « Petit Coquelicot«  » font_container= »tag:h3|font_size:27|text_align:left » custom_heading_font_weights= »font-700&Prime; css= ».vc_custom_1756072970613{margin-bottom: 20px !important;} »][vc_custom_heading source= » » text= »Évadez-vous et ressourcez-vous dans notre joli chalet chaleureux, idéalement situé au pied des Portes du Jura, dans un cadre naturel exceptionnel. » font_container= »tag:p|font_size:18|text_align:left » custom_heading_font_weights= »font-600&Prime; css= ».vc_custom_1756073045173{margin-bottom: 25px !important;} »][vc_single_image image= »1115&Prime; img_size= »full » alignment= »center »][/vc_column][/vc_row][vc_row content_style= »content_dark »][vc_column content_style= »content_dark »][vc_column_text] DETAILS Adresse : 3, allée des narcisses Village : 25370 Métabief [&hellip;]</p>
